+ 3*d - b - 40 = 0. Suppose 0 = -5*n + 145 + 255. Calculate the greatest common divisor of n and d.
20
Suppose a - 12 = 7. What is the highest common divisor of a and 1?
1
Suppose 81*m - 85*m = -n - 1220, -m = -2*n - 298. What is the highest common divisor of 510 and m?
102
Let c be 3/9*(14 + 19). Let o be 10*12 - (1 + -2). Calculate the greatest common factor of o and c.
11
Let p = -55 + 13. Suppose -r + 5*v = -2*r - 60, -2*r + 2*v = 120. Let k = p - r. Calculate the highest common factor of 12 and k.
6
Let n be 3 - (-1 - 1)*1. Suppose 5*p = 5 + n. Calculate the greatest common factor of p and 14.
2
Let i(x) = x - 3. Let b be i(0). Let o be 6/15 - b/5. Let h = o - -3. Calculate the highest common factor of 36 and h.
4
Let x(k) = 14 - 14 - 4*k + 9*k**2 + k**3. Let p be x(-9). Suppose 0*a + 4*a - m = 19, -5*m - 35 = -5*a. What is the greatest common factor of a and p?
4
Let a = -560 - -596. What is the highest common factor of 234 and a?
18
Suppose -12 = -144*h + 140*h. What is the greatest common factor of h and 16?
1
Suppose 0 = d + 4*d. Suppose d = 2*x + 6, -5*x = -4*s + 6 + 1. Let u be (s - -1)/((-4)/20). What is the highest common divisor of u and 45?
5
Let p(q) = -2*q**3 + 11*q**2 + 13*q + 2. Let k be p(6). Calculate the greatest common factor of k and 132.
44
Let t(u) = -u**3 - 30*u**2 - u + 26. Let f be t(-30). What is the greatest common divisor of 308 and f?
28
Let z = 458 + -436. Let g = -395 - -747. What is the highest common divisor of z and g?
22
Let v = 486 - 423. Calculate the greatest common divisor of v and 21.
21
Let x = 89 - 63. Calculate the highest common divisor of x and 247.
13
Let o(s) = 47*s + 429. Let a be o(-9). What is the greatest common divisor of 18 and a?
6
Let c be 9/(-6)*40/(-4). Let o = -8 + c. Suppose -2*h + 24 = 4*a, 34 = o*h - 2*h - 3*a. What is the highest common factor of h and 40?
8
Let x = -11 + 14. Let w = -7 - x. Let n be w/(2 + 1 + -4). What is the highest common factor of n and 25?
5
Suppose 2384 = 31*i + 245. What is the highest common divisor of i and 92?
23
Suppose c + 2*v - 329 = 60, -5*v - 796 = -2*c. Calculate the greatest common factor of 3 and c.
3
Let f be (-4 - (-39)/9)*945. Calculate the greatest common divisor of 140 and f.
35
Let y be 6/(-9) - 465/(-9). Let b be 1/(-5) + y/5. Suppose 3*v + 2*k = -0*v + 118, v = 4*k + 44. Calculate the greatest common divisor of v and b.
10
Suppose -5 = -4*o + 23. Let l(n) = n**3 - 7*n**2 + n - 5. Let b be l(o). Let i be (40 - (-8)/4) + b. What is the highest common factor of 11 and i?
11
Suppose -r + 3*r - 2 = 0. Suppose -10 = 3*i + 38. Let l = i + 25. Calculate the greatest common factor of r and l.
1
Let n(c) = -3*c + 95. Let h be n(23). What is the greatest common factor of 78 and h?
26
Let c = 48 - 44. Suppose -168 = j - c*j. What is the greatest common divisor of j and 8?
8
Let g be (-1 - (-5)/(5/(-4))) + 45. Calculate the greatest common divisor of 520 and g.
40
Suppose -3*y + 102 = 27. Let a(v) = v - 7. Let p be a(7). Suppose 50 = 2*o - p. What is the greatest common divisor of o and y?
25
Let w(l) = -13*l + 10. Suppose -52 = 5*y - i, 6*i - 2*i = -y - 2. Let p be w(y). What is the greatest common divisor of p and 20?
20
Suppose 3*r = 223 + 209. What is the highest common factor of 96 and r?
48
Let l = -323 - -334. Suppose 2*f + 2 = 4, -18 = -5*n + 2*f. Suppose 0 = n*q - 311 - 41. What is the highest common factor of l and q?
11
Let t = -70 + -11. Let z = 129 + t. Suppose -j - k = -6*k + 9, -5*j + 4*k + 60 = 0. What is the highest common divisor of z and j?
16
Let h = -164 + 754. What is the highest common factor of h and 10?
10
Suppose -3*n = n - x - 62, 2*x = -5*n + 71. Let w = -22 + 153. Suppose 0 = 2*u - 79 - w. Calculate the greatest common factor of u and n.
15
Let d be (-10)/((-4)/((-32)/(-1))). Suppose -2*u + d + 10 = 0. Suppose u + 195 = 3*g. What is the greatest common divisor of 16 and g?
16
Suppose -5*t + 66 = t. Suppose -s + 287 = 5*k, 3*k - 1022 = -4*s + 160. What is the greatest common divisor of t and s?
11
Let c be 2/6 + (-85)/(-15). Suppose 0*k + 3*k = c. Calculate the highest common factor of 8 and k.
2
Suppose 6*v = 194 + 1456. What is the greatest common divisor of 165 and v?
55
Suppose -5 = 5*o - 50. Suppose u + 7 = o. Calculate the greatest common factor of u and 2.
2
Let h(a) = a**3 + 6*a**2 - a + 14. Let r = 3 + -9. Let v be h(r). Calculate the highest common divisor of v and 220.
20
Suppose h = -2*c + 61, -26*c + 23*c - 2*h + 94 = 0. What is the greatest common divisor of c and 14?
14
Suppose -z - l = l - 53, -131 = -3*z + l. Let f(t) = -32 + 0*t - 5*t + 5. Let a be f(-9). What is the highest common factor of a and z?
9
Let a = 1100 - 1090. Suppose 4*f - 101 = 19. Calculate the greatest common divisor of f and a.
10
Let c(h) = 5*h - 7. Let x be c(2). Calculate the greatest common factor of x and 3.
3
Let d be (0 + 285)*51/85. Let i be 3 - 2*-8 - 0. What is the highest common factor of i and d?
19
Let b(p) = -5*p - 3. Let u be b(-3). Let j = -9 + 21. Suppose j + 33 = 15*r. Calculate the highest common factor of u and r.
3
Let h(o) = -47*o - 129. Let z be h(-4). What is the greatest common divisor of 118 and z?
59
Suppose -5*o = -12 - 3. Suppose -y - 2 = f - 3*f, 0 = -o*f - 3. Let p be (y/5)/(1/(-60)). Calculate the highest common divisor of p and 16.
16
Let g = 691 - 563. What is the highest common divisor of g and 2?
2
Suppose -2*r + 4 = 130. Let q = r - -66. What is the greatest common divisor of q and 2?
1
Let k = 1352 + -644. What is the greatest common factor of 12 and k?
12
Let r be (-6)/(-4) + (-3)/(-6). Suppose -7 = -r*j - 31. Let z be (-134)/(-10) - j/(-30). Calculate the greatest common divisor of z and 143.
13
Let s be (2 - -9)/(1/9). Suppose 48 = 5*r - 7. What is the highest common factor of s and r?
11
Let b be 9/(-2) - 3/(-6). Let o be 0*b/(-3 - -7). Let a be o/(-2 - -6) - -19. Calculate the highest common factor of 95 and a.
19
Let x be (-16560)/(-108)*(-12)/(-5). What is the highest common factor of 138 and x?
46
Let o(w) = -w**2 - 5*w - 4. Let x be o(-4). Suppose 0 = -x*j + 2*j + 2. Let n be (-2 - -2)/2 - j. What is the highest common factor of n and 4?
1
Let o(y) be the first derivative of -7*y**4/4 + 2*y**3/3 - y + 5. Let k = -1 - 0. Let c be o(k). What is the greatest common divisor of 88 and c?
8
Let j(k) = -3*k**2 - 37*k + 6. Let w be j(-6). Calculate the highest common factor of w and 30.
30
Suppose -v - 1 = 0, 3*v - 548 = -3*k + 5*v. Suppose -2*u - 271 = -4*q + u, -k = -3*q - 2*u. Calculate the greatest common divisor of q and 16.
16
Suppose -3*c = 3*d + 24, 2*d = -5*c - 31 + 3. Let h = 1 - c. Suppose -h*i = -3 - 2, -n + 9 = -3*i. What is the highest common factor of 4 and n?
4
Suppose 14*g - 60 = 10*g - 4*v, -3*v = 6. Suppose 3*k + 173 = u + 51, 5*u = 2*k + 597. Calculate the highest common divisor of g and u.
17
Let o be -3 + 2492/36 + (-4)/18. Let f = 15 - -7. What is the highest common factor of f and o?
22
Let m(r) = -42*r - 1. Let t be m(-5). Suppose 19*v = -6*v + 475. Calculate the highest common factor of v and t.
19
Let p = -903 + 933. What is the greatest common factor of 165 and p?
15
Suppose 0 = 4*l + 4*w + w - 52, 3*w = 2*l - 26. What is the greatest common factor of l and 104?
13
Let k = 2 + 3. Let s be (-108)/(3 + (-20)/k). Suppose n - 61 = 11. Calculate the highest common divisor of s and n.
36
Let v = 189 + -187. Let z be 2 + 1 + (0 - 0). Suppose i - z*i = -o + 2, -2*o + 5*i + 4 = 0. What is the greatest common factor of o and v?
2
Suppose 0 = -s - 2*c + 143, s - 5*c = -s + 286. Let u = 663 + -650. Calculate the highest common divisor of s and u.
13
Suppose -3*c = -j - 89, -2*c - 21*j = -25*j - 76. What is the highest common divisor of c and 406?
14
Let s be (-4)/3*(-12)/8. Suppose -64 = -0*z - s*z + y, 0 = 4*z + 3*y - 108. Calculate the highest common factor of z and 75.
15
Let u(y) = 1 + 7 - 2*y**2 + 4*y**3 - 2*y**2 + 2*y - 5. Let q be u(2). Calculate the greatest common factor of 92 and q.
23
Let d(i) = -i**2 + 7*i + 9. Let g be d(6). Let u = g + 5. Calculate the highest common divisor of u and 160.
20
Let s(o) = o**3 + 5*o**2 - 7*o - 9. Let b be s(-6). Let r be (77/(-21))/(b/162). What is the highest common factor of r and 22?
22
Let s(l) = -2*l + l + 16 - 4*l. Let q be s(